**2 + 5*s + 7. Let j(o) = -6*t(o) + v(o). Calculate j(-5).
7
Let a(d) be the second derivative of -d**5/20 - d**4/6 - d**2/2 + d. Let i = 6 + 0. Suppose i*x = x - 10. Determine a(x).
-1
Let p(n) = -3*n - 20. Let s(b) = -b - 7. Let y(c) = -6*p(c) + 17*s(c). What is y(-3)?
-2
Let a(x) be the second derivative of 0 - 3*x**2 + 4*x + 1/3*x**3. Calculate a(5).
4
Let q(f) = f**2 + 3*f - 4. Let n be q(2). Let y(u) = u. Let g(s) = -5*s + 4. Let k(p) = -g(p) - 6*y(p). What is k(n)?
-10
Let t(q) be the third derivative of -q**4/24 + 7*q**3/6 + 13*q**2. Let g be (-20)/(-6)*(-3)/(-2). Give t(g).
2
Let g(n) be the third derivative of n**4/24 + n**3/6 + 4*n**2. Determine g(-6).
-5
Suppose -4*y - 28 = -3*o, 6*y - y - 4*o = -36. Let w(v) = 4 + v - 3 + 2. Calculate w(y).
-1
Let l(q) = -5*q + 3*q + 4*q + 2 + 3*q**2 - q. Let p(w) = w**2 - w - 1. Let g = 3 + -2. Let i(k) = g*p(k) + l(k). Calculate i(1).
5
Let f be ((-4)/2)/(-8 + 7). Let c = -1 - f. Let n(k) = 3 + k - k**2 + 2*k - 6*k. Calculate n(c).
3
Let z(r) be the second derivative of -r**3/6 + 2*r**2 + 4*r. Let g be z(0). Let c(n) = -n**2 + 8*n - 6. Calculate c(g).
10
Let y(q) be the second derivative of -q**4/12 + 3*q**3/2 - 5*q**2 + 5*q. Calculate y(7).
4
Suppose 3*p + 2 = -2*u, 5*u - p + 19 = -3. Let b be (-1)/(-4) - (-15)/4. Let t(d) = b + d + d - 2. What is t(u)?
-6
Let u(y) = y**3 + 3*y**2 - 5*y + 1. Suppose -4*b - 1 = -5*b + 5*l, l - 11 = 3*b. Calculate u(b).
5
Let j(z) = -z**3 + 4*z**2 + 2*z + 7. Suppose -r + 1 = -w, 0 = -w - w + 2. Suppose 4*p - 2*m - 16 = 0, 4*p + 4*m - m = 16. Suppose 22 - r = p*x. Determine j(x).
-8
Let v be 5 + (-2 - -5) + -6. Let n(t) = t**2 + t**3 + 2*t**v + 2 + 6*t + 3*t**2. Suppose 2*i + 20 = -2*x, -5*x - 30 = i - 0*i. Give n(x).
-3
Let v(y) = -y**3 + y**2 + y + 1. Suppose -11*m + m + 20 = 0. Give v(m).
-1
Let h(n) = -6*n**2 + 1. Suppose x = -x + 4*v - 12, -10 = -5*v. Give h(x).
-23
Let x(q) = q**2 - 3*q + 6. Let p(u) = u - 3. Let t be p(8). Let z = -1 + t. Give x(z).
10
Let z(g) = g**2 - 5*g - 7. Suppose 5 + 19 = 4*c. What is z(c)?
-1
Let m(k) = -k - 12. Let u be m(-3). Let j(y) = -y**2 - 7*y + 13. Determine j(u).
-5
Let h(w) = w + 3. Let l(r) = 3 - 3 - 1 - 2 - r. Let d be l(-3). Suppose d*s - 12 = 3*s. Give h(s).
-1
Let t(l) = l**2 + l - 5. Let p(k) be the first derivative of k**2/2 - 4*k - 4. Let z be p(0). Calculate t(z).
7
Let k(w) = -w**3 - 5*w**2 - 4*w + 3. Let a be (24/16)/(6/16). Suppose a = -0*v - v. What is k(v)?
3
Let y(v) = 3*v + 5. Let i = -4 - -9. Let a = -3 - -3. Suppose -i*g + a - 20 = 0. Calculate y(g).
-7
Let h(y) = 3*y**2 - 4*y + 3. Let g be 2/(12/(-18)) + 5. Determine h(g).
7
Suppose 18 = y - 3*i, -y - 3*i = 2*i + 14. Let j(f) = f**3 - 7*f**2 + 5*f + 1. Calculate j(y).
-5
Let v(q) be the first derivative of 9*q**4/4 + q**3/3 + 3. Calculate v(1).
10
Suppose -4*i + 4 = -2*i. Let r(b) = -3 + 0*b + 4 - 2 - 3*b. Give r(i).
-7
Let n(r) be the second derivative of -1/2*r**3 - 1/12*r**4 - r**2 + 0 + 1/20*r**5 + 2*r. Suppose -5*v - 5 = 5, 2*v + 13 = 3*t. Calculate n(t).
7
Let n(i) = -5*i**3 - 15*i**2 - 7*i - 14. Let h(q) = 2*q - 5 + q**3 - 4*q - 3*q**3 - q**2 - 4*q**2. Let d(l) = 8*h(l) - 3*n(l). Calculate d(6).
-4
Let z(r) = -r**2 - 3*r - 3. Let v = 6 + -10. Calculate z(v).
-7
Let d(p) = -p**3 - 2*p**2 - 2. Suppose -1 = 2*a + 5*n, 4*n + 10 = -a + 4*a. What is d(a)?
-18
Let y(h) be the second derivative of h**3/3 - h**2 + 4*h. Calculate y(6).
10
Let g(v) = v**3 - 6*v**2 - 2. Let i be 10/1 - (-9 + 13). Calculate g(i).
-2
Let z(s) = s**3 - 6*s**2 + 5*s + 3. Let i be -4*3/15*-10. Suppose -i + 4 = -b. What is z(b)?
-9
Suppose -5 = -4*u - 3*o, u - 2*o = 2*o + 6. Let i be (u + -2)*1/(-1). Let s(d) = -d - 2. Determine s(i).
-2
Let z(y) = y**2 - y + 9. Let b(a) = -14*a**3 - a**2 + 2*a. Let p(l) = -5*l**3 + l. Let s(c) = -4*b(c) + 11*p(c). Let q be s(-3). What is z(q)?
9
Let m(a) = 2 + 30*a**2 - 27*a**2 + 2 - 2. Give m(-2).
14
Let g(d) be the second derivative of d**5/20 + 3*d**4/4 + d**3/6 + 5*d**2/2 - 5*d - 4. Suppose 0 = -k + 2*p + 4 - 3, -4*k - 5*p - 61 = 0. Calculate g(k).
-4
Let d(g) = -4*g + 5. Let k = 58 - 62. Calculate d(k).
21
Let d(f) = -f**3 + 4*f**2 + 7*f - 5. Let i(w) = w**3 + 10*w**2 + 10*w + 7. Let h be i(-9). Let r be 77/14 + h/4. Calculate d(r).
5
Let z(q) = -q**2 + 2*q + 2. Let h(i) = i**2 - 4*i - 8. Let c be h(6). Let x be (-2)/4*(c - 4). Suppose -3*b + 7 + 2 = x. What is z(b)?
-1
Let x be (6 + -2)*(-1)/(-2). Let j(p) = -p + 1 + p**3 - 3*p - 3*p**x + 0*p. Suppose -o + 3*z = -16, -o + 2*z = 3*z. Give j(o).
1
Let a be 168/35 - 3/(-15)*1. Let k(z) be the second derivative of z**5/20 - 5*z**4/12 + z**3/6 - 3*z**2/2 + z. Give k(a).
2
Let q(f) = -4 + 4 + 1 + 22*f**3 + 2*f + 3*f**2 - 21*f**3. Suppose -4*y + 2*c = -6, 6 = -2*c + 4*c. Let z = -4 + y. Give q(z).
1
Let m(c) = 9*c**2 - c. Suppose 2*q - 3 + 1 = -3*t, 5 = 5*q + t. What is m(q)?
8
Let i(b) = -b + 5. Let r be i(3). Let h(m) = m**3 - m**2 - 2*m + 3. Determine h(r).
3
Let x be (8/(-20))/((-4)/40). Let d(r) = -r + 9. What is d(x)?
5
Let v(j) = j**3 + 3*j**2 - j - 2. Let i be 64/11 + 18/99. Let g be ((-8)/6)/(4/i). Give v(g).
4
Let g be (3*(0 + -1))/1. Let w = -4 - g. Let h(d) = -9*d + 2. Let c(t) = 5*t - 1. Let b(x) = -5*c(x) - 2*h(x). Determine b(w).
8
Let c(j) be the second derivative of -j**3/6 - 7*j**2 - 7*j. Give c(-6).
-8
Let b = -22 - -21. Let a(z) = -3*z**3 - 2*z - 1. Give a(b).
4
Let b = -5 + 9. Let i(g) = b - 2 - g - 3. Calculate i(-1).
0
Let q(h) = -h**2 - 9*h - 7. Let u(a) = a**2 - 16*a + 20. Let m be u(14). What is q(m)?
1
Let w = -2 - 1. Suppose -131 = -5*y + 2*n, -3*y - 2*n = -15 - 70. Let j(g) = -28 - g - 2*g**2 + y + g**2. What is j(w)?
-7
Let b(p) = p**3 + 4*p**2 - 4*p - 2. Let t(j) = 2*j**3 + 3*j**2 - 5*j - 1. Let q(a) = -3*b(a) + 2*t(a). Give q(5).
-11
Let j(d) = -d - 2. Suppose 21 = 6*v - 3. Suppose -5*p + 24 = 3*u, v*u + 4*p - 9 = 15. What is j(u)?
-5
Let g = 4 - 1. Let o = 1 + g. Let v(b) = -5*b**3 + 31*b**2 - 11*b - 14. Let q(c) = c**3 - 6*c**2 + 2*c + 3. Let z(i) = -11*q(i) - 2*v(i). What is z(o)?
-5
Let z(j) be the third derivative of -j**9/60480 + j**8/3360 - j**7/1008 + j**5/60 + 2*j**2. Let x(a) be the third derivative of z(a). Calculate x(5).
0
Let z = -17 - -12. Let t(v) = 10*v**3 - 2*v**2 - 4*v - 7. Let l(h) = 7*h**3 - h**2 - 3*h - 5. Let b(d) = z*t(d) + 7*l(d). Determine b(2).
2
Suppose -3*p = 6, -v - 3*p = v - 2. Let l(m) be the first derivative of 1/4*m**v + 1 - 2*m**2 - 7*m - 4/3*m**3. What is l(5)?
-2
Let n(f) be the second derivative of f**5/20 - 7*f**4/12 + f**3 - 5*f**2/2 + 2*f. Give n(5).
-25
Let o(a) = 2 + 0 - 10*a + 0*a + 11*a. Calculate o(-5).
-3
Let u(j) be the second derivative of -3*j + 13/2*j**2 + 0 - 1/6*j**3. Give u(0).
13
Let d = -4 + 4. Suppose d*r - 12 = -3*r. Let a(n) be the third derivative of n**5/60 - n**4/4 + n**3/3 + n**2. Calculate a(r).
-6
Let g be (2/3)/(-2 + 168/90). Let a(u) = u**3 + 6*u**2 + 4*u + 7. Give a(g).
12
Suppose 40 = -8*t - 0. Let a(q) be the second derivative of -q**4/12 - 5*q**3/6 + q**2/2 + q. Calculate a(t).
1
Let m(x) = 8*x**3 - x**2 - x + 1. Let q(o) be the second derivative of -o**5/20 + o**4/12 - o**2/2 - o. Let k be q(-1). What is m(k)?
7
Let o(x) be the third derivative of -x**6/360 - x**5/24 - x**4/6 + x**3/6 - x**2. Let v(g) be the first derivative of o(g). Let f = 33 + -38. What is v(f)?
-4
Let t(c) = 0*c + 11 - 6*c + c**2 + c - 5*c. Calculate t(8).
-5
Suppose 6*a - 20 = a. Let r(s) = -s**3 + 8*s**2 - 1. Let j(o) = o**2 - o. Let q(g) = -6*j(g) + r(g). Give q(a).
-9
Let w(p) be the first derivative of p**4/2 + 4*p**3/3 + p**2/2 - 2*p - 3. Give w(-2).
-4
Let q(o) = o**2 + o - 1. Let k(g) be the second derivative of -g**4/6 + 2*g**3/3 + 5*g**2/2 - 6*g. Let y(n) = -k(n) - 3*q(n). Give y(-6).
4
Let a = -33 + 34. Suppose 8*j - 5 = 3*j + 5*l, -7 = j - 5*l. Let q(x) = 1 + 2*x**2 + 2*x - x**2 - 10*x**3 - j*x. Calculate q(a).
-9
Let p(i) be the second derivative of 1/6*i**3 + 0 + 3*i - 5/2*i**2. What is p(0)?
-5
Suppose 0 = -3*y + 5*s + 2 + 62, y + 4*s - 10 = 0. Suppose 5*n = 9 + 6. Let a be ((-1)/n)/((-2)/y). Let j(f) = f + 1. Give j(a).
4
Suppose -3 = 2*y - 9. Let i(w) = -w**2 + w - 1. Determine i(y).
-7
Let o be (-18)/(-4) - (-4)/8. Suppose -3*g + o = -1. Let k be (3/g)/((-1)/2). Let q(i) = -2*i - 3. Calculate q(k).
3
Le